f u and 448?
56
Let k = 2 + -2. Suppose r + 0*r + 5 = k. Let c(y) = -y**3 - 3*y**2 + 4*y - 6. Let t be c(r). What is the greatest common factor of 8 and t?
8
Let a = 170 + -26. Suppose -12*w + 10*w + 4 = 0, -4*w + 72 = 4*i. What is the greatest common factor of i and a?
16
Let b be (-8)/168*-7 - (-52)/6. Suppose 15 = 5*v - 30. Calculate the highest common divisor of b and v.
9
Let d(r) = 2*r**2 + 44*r - 82. Let j be d(-26). What is the greatest common factor of j and 693?
63
Let i be 13/(78/9) - (-1917)/2. Calculate the greatest common factor of i and 20.
20
Let y(j) = 10*j**2 - 30*j**2 - 16*j + 11*j**2 + 34 + 10*j**2. Let o be y(14). Calculate the highest common factor of o and 6.
6
Suppose -o = -5*n - 4*o + 85, -3*n = 2*o - 51. Suppose 0 = 14*l - n*l + 192. What is the greatest common factor of 8 and l?
8
Let y = -23 - -26. Let f be y/9 + (-25)/3. Let m(q) = q**3 + 7*q**2 - 9*q - 7. Let u be m(f). What is the greatest common divisor of 6 and u?
1
Suppose 3*n - 2 = n. Let w be 4*n*(-1)/2. Let j be (112/35)/(w/(-15)). Calculate the greatest common factor of 216 and j.
24
Let l = 614 - 542. Suppose u + 4*u = 0. Let j = l - u. Calculate the greatest common factor of 9 and j.
9
Let x = 109 + -55. Suppose 2*j - 3*s = 18, 5*s - 3 - 5 = -3*j. Calculate the highest common factor of j and x.
6
Suppose 33 = -11*s + 14*s. Calculate the highest common factor of s and 506.
11
Let s be 549 + -4 + (-8 - -3). Suppose -12*c = -3*c - s. What is the greatest common divisor of c and 5?
5
Let d = 64 - 24. Let r = d - 18. What is the highest common divisor of r and 242?
22
Let q(m) = -m**2 - 5*m + 8. Let s = -10 - -10. Suppose s = -2*i + 3*i + 6. Let y be q(i). What is the greatest common factor of 1 and y?
1
Suppose 347 = 12*r - 565. Calculate the greatest common divisor of 114 and r.
38
Suppose -13*g + 44 + 164 = 0. Calculate the highest common factor of 4 and g.
4
Let o(x) = 5*x - 30. Let y(b) = -4*b + 29. Let c(i) = 3*o(i) + 4*y(i). Let z be c(-7). What is the greatest common factor of z and 297?
33
Let v be (847/(-22))/((-1)/2). Let t = v - -26. Let o = 213 - t. What is the greatest common factor of o and 11?
11
Let a be 352/24*(-36)/(-66). What is the highest common divisor of 50 and a?
2
Let k(g) = 0*g**2 - 2*g**2 + 5 - 15*g + 4*g. Let n be k(-8). Let y be 7/n - (-241)/5. What is the greatest common divisor of 6 and y?
6
Let k be (-4)/(-14) + (-71912)/(-707). What is the highest common factor of 24 and k?
6
Let o be 4/18 - (-426)/27. Let q = o + 23. Let n = 519 - 506. What is the highest common factor of q and n?
13
Suppose 4*y + 2*i - 15 = 29, -y - 2*i = -5. Let t = 38 - y. Let u be 14/5*t*1. What is the highest common factor of u and 10?
10
Suppose 13*z = 4*k + 9*z - 28, -4*z = -5*k + 31. What is the greatest common factor of k and 9?
3
Let g = 89 - 85. Let j be (g/5)/((154/(-245))/(-11)). What is the greatest common factor of 98 and j?
14
Let r(u) = -2*u - 5. Let p be r(-12). Suppose 4*b - p = 9. Let q(s) = -12*s - 4. Let l be q(-5). What is the greatest common factor of l and b?
7
Let f = 197 + -109. Calculate the highest common factor of 132 and f.
44
Let g(u) = -4*u**2 - 67*u + 42. Let j be g(-16). What is the greatest common divisor of j and 207?
9
Let d be (3/(-3))/((-2)/294). Let y = 13024 + -12926. Calculate the highest common divisor of y and d.
49
Let j = 10 + -6. Suppose 44 = -4*c + 152. Let b be (-12)/4 + c*j. Calculate the highest common factor of 15 and b.
15
Suppose -217*r = -210*r - 1295. What is the greatest common divisor of 74 and r?
37
Suppose -2*l = 5*n - 386, -39*l + 6 = -37*l. Suppose -5*g = 2*p - 223, -2*p - g + 168 + 59 = 0. Calculate the highest common divisor of n and p.
38
Suppose -3*g = -7*v + 369, -5*v - g + 276 = g. Calculate the greatest common factor of 162 and v.
54
Let r(m) = m**2 + 14*m + 8. Let k be r(-13). Let y = k - -7. What is the highest common factor of 6 and y?
2
Suppose 0 = 4*x + 30 + 42. Let a be (-86)/x + 12/54. Suppose -2*j = -0*o - 2*o - 58, a*j - o - 157 = 0. What is the greatest common divisor of j and 8?
8
Let t be ((-3)/(-9))/((-4)/(-48)). Let x be (-6)/(-4)*(-160)/(-60). Calculate the greatest common divisor of t and x.
4
Suppose -3*h = -4*t + 10, 3*h - 4*t + 22 = -2*h. Let p(z) = z**3 + 6*z**2 - 2*z - 11. Let m be p(h). Calculate the greatest common factor of m and 4.
1
Let s = -1546 - -3921. What is the greatest common factor of 95 and s?
95
Suppose -3*d = -d - 64. Let j be 5*1*d/10. What is the highest common divisor of 24 and j?
8
Suppose 3*p = 39 + 81. Calculate the highest common divisor of p and 70.
10
Suppose -16 = -6*z + 2*z. Suppose 5*k - z*n - 280 - 33 = 0, 3*n + 186 = 3*k. Calculate the greatest common factor of k and 13.
13
Suppose -g - 25 - 15 = 0. Let m = g + 75. What is the highest common factor of 7 and m?
7
Suppose -4*a - 146 = 2*b, a = -0*a - 2*b - 29. Let g = -26 - a. Calculate the greatest common divisor of g and 39.
13
Let q(p) = p**2 + 8*p - 12. Let d(m) = -2*m**2 - 12*m + 18. Let j(s) = -5*d(s) - 7*q(s). Let k be j(-4). What is the greatest common divisor of 78 and k?
26
Suppose 5*w - 3*s - 2616 = 0, 45*s = w + 40*s - 532. Calculate the greatest common divisor of 36 and w.
18
Let u be (-110)/(-4) - 9/6. Let x = 56 - u. Let z = -8 + 38. Calculate the highest common divisor of x and z.
30
Let d(i) be the first derivative of i**4/4 - 19*i**3/3 - 19*i**2/2 - 9*i + 17. Let k be d(20). Calculate the greatest common divisor of 77 and k.
11
Suppose 4940 + 2263 = 49*i. Calculate the greatest common divisor of i and 343.
49
Let m be ((-8)/6)/(0 - (-8)/(-132)). Calculate the greatest common divisor of m and 242.
22
Suppose -g + 4*g = -2*m + 9, -3*m + 13 = 4*g. Let x be (2 + g)*(20 + -2). Suppose 0 = 4*r - 7*r + x. What is the highest common factor of 90 and r?
18
Let r(w) = w - 9. Let p be r(19). Let l = -14 - -29. Let n = l - p. Calculate the highest common divisor of n and 1.
1
Let i be (9 + -6)*(-2)/(-6) + 103. Let a = -3 + 5. Suppose -3*s - a = -s, -53 = -2*f + s. What is the greatest common factor of f and i?
26
Suppose m + p + 1 = 3*p, -m + p = -2. Suppose -49*h + 70 = -47*h. What is the highest common divisor of m and h?
5
Let j = 119 + -118. Let h be (8 + j)*13/39. Calculate the greatest common factor of 27 and h.
3
Suppose -4*l - 4*q + 164 = 0, -q + 47 = l - 2*q. Suppose 2*b - 92 = -4*d, 2*b - b - l = -4*d. What is the highest common divisor of b and 32?
16
Let y = -30 + 48. Let u = y + -16. Suppose 2*n + u*h = 228, 0 = 2*n - h + 2*h - 226. What is the greatest common factor of n and 28?
28
Let f = -111 - -139. Calculate the greatest common factor of f and 49.
7
Suppose 0 = -i - 2*s + 5, -7*s - 7 = -4*i - 2*s. Suppose 5*h = 3*h + 6. Calculate the greatest common divisor of h and i.
3
Suppose 0 = -2*b + 5*v - 22 - 6, b - 2*v = -12. Let w be (-104)/b + -1 + 1. Calculate the greatest common divisor of w and 39.
13
Let k be (-9)/6*16/(-12). Suppose 4*w + 5*l - 100 = -w, -k*w = -l - 43. Let r = 103 + 2. Calculate the highest common divisor of w and r.
21
Let l = 14 + -8. Let d be (-4)/6 + 64/l. Calculate the greatest common factor of d and 80.
10
Let q(v) = v**2 + 7. Let a be q(5). Let y be (15/10)/((-6)/(-4)). Let u = 9 - y. What is the greatest common divisor of a and u?
8
Suppose 0 = -1227*a + 1226*a + 980. Calculate the greatest common divisor of 14 and a.
14
Let a(w) = w**3 + 2*w**2 - 4*w + 8. Let u be a(-4). Let j be (-5 - u) + 2 + 19. Suppose 3*c - 4*c + 36 = 0. What is the highest common factor of j and c?
12
Suppose 0 = -5*x + 25, 38 = 2*p + 2*x + 8. Let o = -3 - -7. Suppose -5*v + 16 = -o*f, -2*f = 5*v - 0*v - 22. Calculate the highest common factor of v and p.
2
Suppose 2*i = -0*i - 4*u + 16, 8 = -4*u. Let v = i - -28. Calculate the highest common divisor of v and 320.
40
Let k = -139 - -183. Calculate the highest common divisor of k and 11.
11
Let i(d) = -4*d**3 - 2*d - 1. Let s(r) = -r**2 + 3*r + 3. Let u be s(4). Let l be i(u). Let f = 9 - l. What is the greatest common divisor of f and 1?
1
Let s be (2 + 5/(-2))*-176. Let p be (8/10)/(-2) - 6/(-15). Let h be (3 + 1 - p)/(2/4). Calculate the highest common divisor of h and s.
8
Let a = -1156 + 1194. What is the highest common factor of 1216 and a?
38
Let a be -2 + 4 - (1 - 1). Let i be 11 - (2/a + -2). Let d be (-10 